(base 6) in base 5?
-1014
What is 10c55 (base 15) in base 11?
37140
What is 220001022 (base 3) in base 4?
10101323
Convert 3ec (base 16) to base 4.
33230
What is 15513 (base 9) in base 7?
42654
401213 (base 5) to base 6
134415
What is -31a (base 15) in base 2?
-1010111100
30113 (base 4) to base 15
37b
What is -11100011 (base 3) in base 14?
-121d
What is 11154 (base 12) in base 15?
6ab7
Convert 1263d (base 14) to base 7.
245406
Convert -252a0 (base 11) to base 12.
-19001
What is -2201233 (base 5) in base 14?
-da45
494 (base 14) to base 4
32102
Convert -41181 (base 9) to base 4.
-12213313
What is 9649 (base 16) in base 10?
38473
What is -2217 (base 9) in base 15?
-741
What is -58a (base 11) in base 10?
-703
-100231 (base 5) to base 10
-3191
What is 5683 (base 10) in base 11?
42a7
Convert 113 (base 6) to base 15.
30
What is -650 (base 14) in base 4?
-103132
What is 51 (base 6) in base 2?
11111
Convert -327 (base 10) to base 8.
-507
Convert -5bc2 (base 13) to base 3.
-122211120
4b24 (base 15) to base 5
1003014
What is -3424 (base 6) in base 15?
-38d
What is 31020100 (base 4) in base 13?
1b628
-11111001011011 (base 2) to base 12
-92a3
What is -276 (base 9) in base 11?
-1a0
1100010 (base 2) to base 8
142
Convert -644a (base 13) to base 15.
-41d0
Convert 1717 (base 8) to base 5.
12400
What is -136225 (base 9) in base 2?
-10100010101011011
34200 (base 5) to base 12
14a1
Convert -199a2 (base 13) to base 16.
-c343
Convert -2079c (base 13) to base 10.
-58434
What is 19bc (base 13) in base 5?
110443
Convert -50226 (base 7) to base 8.
-27533
-30b (base 13) to base 9
-635
-2a974 (base 12) to base 11
-411aa
Convert -1033022 (base 4) to base 11.
-3896
Convert -1213123 (base 4) to base 7.
-25204
-81 (base 15) to base 12
-a1
What is 1000100001101 (base 2) in base 6?
32113
Convert -5975 (base 12) to base 3.
-111202022
Convert -a050 (base 14) to base 10.
-27510
-1302 (base 8) to base 15
-321
Convert 1f0 (base 16) to base 5.
3441
What is 63816 (base 11) in base 15?
1c784
What is -4b7 (base 12) in base 14?
-391
What is 525 (base 8) in base 12?
245
What is 32021330 (base 4) in base 15?
122a5
Convert 1311122 (base 4) to base 9.
11268
Convert -105454 (base 6) to base 11.
-6873
What is 65532 (base 7) in base 3?
211111000
Convert b12 (base 12) to base 13.
95c
1061 (base 8) to base 3
202210
What is 527 (base 15) in base 14?
5d0
Convert 563 (base 14) to base 9.
1415
What is -100010001110 (base 2) in base 14?
-b26
14b (base 12) to base 13
128
Convert -10445 (base 9) to base 7.
-26123
Convert -3556 (base 7) to base 6.
-10031
Convert -10300 (base 4) to base 10.
-304
What is 28d (base 14) in base 7?
1336
1181 (base 10) to base 4
102131
12046 (base 10) to base 3
121112011
1000001111001 (base 2) to base 5
113332
What is 110100000 (base 2) in base 7?
1133
Convert -881 (base 15) to base 14.
-9b3
Convert -3283 (base 13) to base 10.
-7036
-658 (base 14) to base 12
-886
What is 838 (base 11) in base 12?
701
What is -1010010110111 (base 2) in base 15?
-1888
31540 (base 6) to base 5
114213
What is -2377 (base 13) in base 12?
-2a87
3754 (base 10) to base 8
7252
Convert -1201 (base 13) to base 11.
-19a6
What is 17556 (base 9) in base 14?
45ba
What is -130224 (base 5) in base 6?
-35240
Convert 773 (base 11) to base 10.
927
What is -1430 (base 8) in base 12?
-560
What is 41641 (base 7) in base 5?
312040
1841 (base 11) to base 3
10012211
Convert 8618 (base 12) to base 4.
3211310
What is 14064 (base 8) in base 14?
2388
-224120 (base 5) to base 9
-12017
108 (base 15) to base 4
3221
Convert -52368 (base 9) to base 5.
-2101233
What is -152506 (base 8) in base 3?
-2202220011
12011201 (base 4) to base 2
110000101100001
What is 1135 (base 7) in base 10?
418
Convert -1846 (base 9) to base 12.
-9a3
What is a517 (base 11) in base 10?
13933
-18124 (base 12) to base 5
-2102412
201000 (base 4) to base 3
2220020
-726 (base 12) to base 3
-1102110
What is 110010001101110 (base 2) in base 5?
1310320
What is -520 (base 7) in base 2?
-100000011
What is 187 (base 9) in base 11?
136
Convert -10350 (base 8) to base 7.
-15422
What is 210022 (base 3) in base 7?
1451
122021102 (base 3) to base 13
5969
Convert 60280 (base 9) to base 11.
27830
Convert -123213 (base 4) to base 8.
-3347
-110101100101 (base 2) to base 5
-102204
What is 714 (base 13) in base 16?
4b0
What is -23046 (base 7) in base 16?
-16e9
Convert -8a38 (base 13) to base 2.
-100101101110001
-7787 (base 12) to base 9
-20104
Convert -30230 (base 4) to base 14.
-420
Convert 421 (base 14) to base 8.
1455
Convert -13453 (base 7) to base 15.
-1144
What is 3174 (base 12) in base 13?
2608
542230 (base 6) to base 15
d326
Convert 101101000 (base 2) to base 5.
2420
What is -1001101011 (base 2) in base 10?
-619
1101010101110100 (base 2) to base 11
38067
What is -78a (base 16) in base 14?
-9bc
Convert -41 (base 5) to base 11.
-1a
What is 35a (base 12) in base 3?
200121
43506 (base 7) to base 5
322014
Convert -12351 (base 6) to base 12.
-10b7
-2625 (base 12) to base 9
-5862
-a37b (base 14) to base 3
-1102121010
-3ee (base 15) to base 8
-1603
Convert 1011111110111100 (base 2) to base 16.
bfbc
1301121 (base 5) to base 4
12021021
What is -648 (base 10) in base 3?
-220000
What is 22122 (base 3) in base 11?
1a2
Convert -904 (base 13) to base 15.
-6ba
What is 3236 (base 8) in base 7?
4640
What is 71 (base 10) in base 11?
65
Convert -1a53 (base 14) to base 11.
-3653
-33113222 (base 4) to base 3
-10012100122
What is -4550 (base 16) in base 8?
-42520
What is 204506 (base 8) in base 6?
1242222
Convert cef (base 16) to base 10.
3311
Convert 220123 (base 4) to base 13.
1240
What is -44 (base 16) in base 15?
-48
What is -4c (base 15) in base 10?
-72
747 (base 11) to base 8
1602
1221 (base 5) to base 9
226
What is 2252 (base 7) in base 8?
1465
What is 1000 (base 4) in base 15?
44
1113 (base 10) to base 4
101121
-20242 (base 5) to base 8
-2452
Convert -547 (base 13) to base 4.
-32020
Convert -ca12 (base 14) to base 9.
-52782
Convert 10100110000001 (base 2) to base 14.
3c2d
What is 210310 (base 6) in base 14?
6278
What is -1116 (base 12) in base 16?
-762
Convert 479 (base 10) to base 5.
3404
What is -211041 (base 6) in base 11?
-11926
Convert 1521 (base 8) to base 5.
11344
Convert -473 (base 11) to base 15.
-279
-34617 (base 8) to base 16
-398f
-59 (base 10) to base 16
-3b
-3001 (base 12) to base 4
-1101001
Convert 5761 (base 9) to base 11.
322a
-40365 (base 7) to base 12
-5806
What is -9878 (base 10) in base 7?
-40541
What is -101100111111 (base 2) in base 12?
-17bb
What is 17737 (base 8) in base 12?
487b
What is 188c (base 14) in base 13?
2033
Convert 10212 (base 5) to base 11.
570
What is -300131 (base 4) in base 6?
-22205
204023 (base 5) to base 8
15153
What is 5513 (base 10) in base 7?
22034
Convert a01 (base 14) to base 7.
5501
Convert 22122 (base 3) to base 4.
3221
What is -14281 (base 9) in base 12?
-5754
111001 (base 3) to base 11
2a0
What is -2a677 (base 11) in base 15?
-ccd7
Convert -1000000100 (base 2) to base 15.
-246
Convert -2230 (base 9) to base 8.
-3157
Convert 1001000111 (base 2) to base 8.
1107
What is -101001000 (base 2) in base 6?
-1304
Convert -11001101 (base 2) to base 4.
-3031
Convert 13440 (base 5) to base 7.
3160
Convert -5716 (base 10) to base 3.
-21211201
Convert 5a7 (base 16) to base 15.
667
10002100 (base 3) to base 12
1376
47a18 (base 11) to base 2
10000110111110110
Convert -102101 (base 3) to base 4.
-10303
Convert -1413104 (base 5) to base 7.
-150666
What is 55 (base 16) in base 7?
151
-2040 (base 7) to base 15
-329
Convert -21258 (base 11) to base 6.
-355050
151b1 (base 13) to base 2
1001101110110011
What is -809 (base 10) in base 6?
-3425
Convert 28201 (base 10) to base 11.
1a208
Convert 86a2 (base 15) to base 4.
12331112
What is 100010101100 (base 2) in base 3?
10001020
What is 44e (base 15) in base 3?
1100002
6267 (base 12) to base 16
29ef
Convert 220111 (base 3) to base 7.
1633
Convert 1b1 (base 13) to base 15.
15d
What is 25d7 (base 15) in base 7?
32356
Convert -5ad0 (base 16) to base 9.
-34801
-289 (base 10) to base 13
-193
What is -100111010000010 (base 2) in base 15?
-5e4d
11000101000 (base 2) to base 12
ab4
42634 (base 7) to base 11
7a75
What is -420044 (base 5) in base 8?
-32716
Convert 3bd (base 14) to base 5.
11010
-20311 (base 5) 